{"id":2294,"date":"2020-05-23T05:58:01","date_gmt":"2020-05-23T05:58:01","guid":{"rendered":"http:\/\/www.s-sent.nl\/new\/?page_id=2294"},"modified":"2022-06-14T11:24:39","modified_gmt":"2022-06-14T11:24:39","slug":"je-licht-bundelen","status":"publish","type":"page","link":"https:\/\/www.s-sent.nl\/new\/je-licht-bundelen\/","title":{"rendered":"Je licht bundelen"},"content":{"rendered":"\n<p class=\"has-drop-cap\">Je weet dat je een rol hebt in de transformatie van de wereld, van de mensheid. Hoe klein of hoe groot deze ook is. En je hebt al verschillende opleidingen gedaan en jouw innerlijke kwaliteit leren kennen. Het is een grote wens van je om jouw kwaliteiten in de wereld te zetten. Om in je kracht te zijn en te blijven, jouw plek in te nemen. <\/p>\n\n\n\n<p>Het programma is een mix van energie stromen, intervisie en modules rondom verschillende thema\u2019s over de transformatie van jezelf, de aarde en de mensheid. Met dit programma heb je ruim een jaar lang elke twee weken de gelegenheid om bij jezelf te komen en vorm te geven aan jouw plek in wereld.<br><br>Het programma duurt ruim een jaar. Je hebt \u00e9\u00e9n keer in de vier weken les op donderdagavond en \u00e9\u00e9n keer in de vier weken een module op zaterdag. Daarnaast ga je twee keer op reis, eenmaal een lang weekend naar Preau en een keer een week naar Engeland. Om je een goed beeld te geven wat dit programma voor jou kan betekenen, krijg je voor de start een reading. We kijken naar wat voor jou belangrijk is in het programma en wat je doelen daarin zijn. Je kan zo gemakkelijk verkennen of dit programma bij je past. Ben je ge\u00efnteresseerd en wil je de reading laten doen,\u00a0mail dan naar <a href=\"mailto:a.reinders@s-sent.nl\">a.reinders@s-sent.nl<\/a>.<br><br>Dit programma start in oktober 2022.<br>Meer informatie vind je in de flyer: \u00a0<a rel=\"noreferrer noopener\" href=\"https:\/\/www.s-sent.nl\/new\/wp-content\/uploads\/2022\/06\/Digitale-flyer-Programma-Je-licht-bundelen-2022.pdf\" target=\"_blank\">Programma Je licht bundelen<\/a><\/p>\n\n\n\n<p><br><em>Het programma is ervaringsgericht, naast de lessen is er geen extra studielast.<\/em><\/p>\n","protected":false},"excerpt":{"rendered":"<p>Je weet dat je een rol hebt in de transformatie van de wereld, van de mensheid. Hoe klein of hoe groot deze ook is. En je hebt al verschillende opleidingen gedaan en jouw innerlijke kwaliteit leren kennen. Het is een grote wens van je om jouw kwaliteiten in de wereld te zetten. Om in je kracht te zijn en te blijven, jouw plek in te nemen. Het programma is een mix van energie stromen, intervisie en modules rondom verschillende thema\u2019s over de transformatie van jezelf, de aarde en de mensheid. Met dit programma heb je ruim een jaar lang elke twee weken de gelegenheid om bij jezelf te komen en vorm te geven aan jouw plek in wereld. Het programma duurt ruim een jaar. Je hebt \u00e9\u00e9n keer in de vier weken les op donderdagavond en \u00e9\u00e9n keer in de vier weken een module op zaterdag. Daarnaast ga je twee keer op reis, eenmaal een lang weekend naar Preau en een keer een week naar Engeland. Om je een goed beeld te geven wat dit programma voor jou kan betekenen, krijg je voor de start een reading. We kijken naar wat voor jou belangrijk is in het programma en wat je doelen daarin zijn. Je kan zo gemakkelijk verkennen of dit programma bij je past. Ben je ge\u00efnteresseerd en wil je de reading laten doen,\u00a0mail dan naar a.reinders@s-sent.nl. Dit programma start in oktober 2022.Meer informatie vind je in de flyer: \u00a0Programma Je licht bundelen Het programma is ervaringsgericht, naast de lessen is er geen extra studielast.<\/p>\n","protected":false},"author":1,"featured_media":0,"parent":0,"menu_order":0,"comment_status":"closed","ping_status":"closed","template":"","meta":{"footnotes":""},"class_list":["post-2294","page","type-page","status-publish","hentry"],"translation":{"provider":"WPGlobus","version":"3.0.2","language":"en","enabled_languages":["en"],"languages":{"en":{"title":true,"content":true,"excerpt":false}}},"acf":[],"_links":{"self":[{"href":"https:\/\/www.s-sent.nl\/new\/wp-json\/wp\/v2\/pages\/2294","targetHints":{"allow":["GET"]}}],"collection":[{"href":"https:\/\/www.s-sent.nl\/new\/wp-json\/wp\/v2\/pages"}],"about":[{"href":"https:\/\/www.s-sent.nl\/new\/wp-json\/wp\/v2\/types\/page"}],"author":[{"embeddable":true,"href":"https:\/\/www.s-sent.nl\/new\/wp-json\/wp\/v2\/users\/1"}],"replies":[{"embeddable":true,"href":"https:\/\/www.s-sent.nl\/new\/wp-json\/wp\/v2\/comments?post=2294"}],"version-history":[{"count":18,"href":"https:\/\/www.s-sent.nl\/new\/wp-json\/wp\/v2\/pages\/2294\/revisions"}],"predecessor-version":[{"id":4255,"href":"https:\/\/www.s-sent.nl\/new\/wp-json\/wp\/v2\/pages\/2294\/revisions\/4255"}],"wp:attachment":[{"href":"https:\/\/www.s-sent.nl\/new\/wp-json\/wp\/v2\/media?parent=2294"}],"curies":[{"name":"wp","href":"https:\/\/api.w.org\/{rel}","templated":true}]}}