{"id":5009,"date":"2023-10-17T17:53:44","date_gmt":"2023-10-17T17:53:44","guid":{"rendered":"https:\/\/www.s-sent.nl\/new\/?page_id=5009"},"modified":"2026-01-21T11:58:15","modified_gmt":"2026-01-21T11:58:15","slug":"hoog-sensitiviteit","status":"publish","type":"page","link":"https:\/\/www.s-sent.nl\/new\/hoog-sensitiviteit\/","title":{"rendered":"Hoog sensitiviteit"},"content":{"rendered":"\n<p class=\"has-drop-cap\"><br><br><strong>Wat is dat, hoog sensitief zijn?<br><\/strong>Wanneer je hoog sensitief bent, dan komt alles meer of harder binnen dan bij andere mensen. Geluiden, licht, de energie en sfeer die er om je heen is. Dat kan echt een last zijn. Je neemt subtielere nuances waar in de lichaamstaal en stemmingen van anderen en je bent gevoeliger dan anderen. Mogelijk ben je zelfs helderziend of helder voelend. Zie of voel je dingen heel helder. Je weet gewoon dingen, wat er nodig is, of wat een ander voelt.<br><br><strong>Rust<br><\/strong>In wezen wil je rust. Rust in je hoofd. Vrij zijn van alle prikkels om je heen. Misschien zoek je vaker dan anderen de natuur op, of vind je het fijn om in een stille ruimte te zitten, of zoek jij het toilet op om even bij te komen van al die prikkels. Herken je dit, dan ben je hoog sensitief. \u00a0<br><strong><br>Hoe kun je om gaan met al die prikkels en rustiger worden in jezelf?<br><\/strong>Het zorgen voor jezelf en je energie is voor hoog sensitieve mensen (HSP Highly Sensitive Person) heel belangrijk. In wezen moet je als HSP-er leren om \u2018Ja\u2019 en \u2018Nee\u2019 te zeggen, op tijd je rust te nemen en vooral onderscheid te houden tussen wat van jou is en wat van anderen is. Te leren wie jij bent, hoe je eigen wezenlijke energie is, zodat je het verschil beter herkent met de wereld om je heen, zoals de energie van anderen en hun verwachtingen en normen en waarden. Dit kun je leren. Je kunt leren hoe je bij jezelf blijft in het contact met anderen en de wereld om je heen. En dat je je niet laat afleiden of laat leiden door de prikkels om je heen. Dat je rustiger wordt in jezelf.<br><br><strong>Sensitiviteit is de basis van heelheid, healing<\/strong><br>Sensitiviteit is niet alleen een last, het is ook een kracht. De healer (of helper) in jou kan in de dagelijkse praktijk overlopen en leeglopen, omdat je er voor iedereen wilt zijn, het goed wilt doen en zorgen dat er vrede is en harmonie. Kom je in je kracht en leer je om bij jezelf te blijven en in je eigen authentieke energie, dan ben je er ook vanzelf voor de ander, zonder dat je jezelf weggeeft. Er ontstaat heelheid. Je bent er, in je aanwezigheid, vanuit \u2018ik ben, jij ook!&#8217;. Jouw sensitieve kwaliteit komt dan tot bloei. Je komt tot je recht, de ander voelt zich gezien en is in zijn of haar nieuwe balans gekomen. <br><br><strong>Cursus hoog sensitiviteit <br><\/strong>De cursus bestaat uit twaalf \u00e9\u00e9n-op-\u00e9\u00e9n lessen van 2,5 uur in Huizen, Het Gooi. Tijdens de lessen leer je door ervaringsgericht oefeningen omgaan met jouw sensitiviteit. \u00a0Je ontdekt hoe energie werkt, hoe je je aandacht kunt beheren en hoe je vitaal en in je kracht blijft. <br><br>In ontdek je wat de kwaliteiten zijn van jouw sensitiviteit en hoe je deze wilt inzetten in jouw leven. Je leert hoe je gevoel een kracht is en je gaat oefenen met het volgen van je gevoel. Met verschillende ervaringsgerichte oefeningen \u2018by-passen\u2019 we je hoofd en kom je in verbinding met jezelf. Dat cre\u00ebert rust.<br><br>De individuele lessen duren 2,5 uur, de kosten zijn \u20ac 80,- per les. Je hebt voor de lessen geen vooropleiding nodig. De lessen sluiten aan bij jouw niveau en doordat de lessen \u00e9\u00e9n-op-\u00e9\u00e9n zijn gaan we dieper in op thema\u2019s die meer aandacht nodig hebben, het is dus maatwerk. <br><br>Wil je in een groep les hebben, dan kun je kijken naar de <a href=\"https:\/\/www.s-sent.nl\/new\/je-sensitiviteit-als-kracht\/\" target=\"_blank\" rel=\"noreferrer noopener\">korte cursussen<\/a> bij de volksuniversiteit.<br><br>Wil je de blog lezen over sensitiviteit, klik dan <a href=\"https:\/\/www.s-sent.nl\/new\/blog\/je-sensitiviteit-als-kracht\/\" target=\"_blank\" rel=\"noreferrer noopener\">hier<\/a>. <br><br><\/p>\n","protected":false},"excerpt":{"rendered":"<p>Wat is dat, hoog sensitief zijn?Wanneer je hoog sensitief bent, dan komt alles meer of harder binnen dan bij andere mensen. Geluiden, licht, de energie en sfeer die er om je heen is. Dat kan echt een last zijn. Je neemt subtielere nuances waar in de lichaamstaal en stemmingen van anderen en je bent gevoeliger dan anderen. Mogelijk ben je zelfs helderziend of helder voelend. Zie of voel je dingen heel helder. Je weet gewoon dingen, wat er nodig is, of wat een ander voelt. RustIn wezen wil je rust. Rust in je hoofd. Vrij zijn van alle prikkels om je heen. Misschien zoek je vaker dan anderen de natuur op, of vind je het fijn om in een stille ruimte te zitten, of zoek jij het toilet op om even bij te komen van al die prikkels. Herken je dit, dan ben je hoog sensitief. \u00a0Hoe kun je om gaan met al die prikkels en rustiger worden in jezelf?Het zorgen voor jezelf en je energie is voor hoog sensitieve mensen (HSP Highly Sensitive Person) heel belangrijk. In wezen moet je als HSP-er leren om \u2018Ja\u2019 en \u2018Nee\u2019 te zeggen, op tijd je rust te nemen en vooral onderscheid te houden tussen wat van jou is en wat van anderen is. Te leren wie jij bent, hoe je eigen wezenlijke energie is, zodat je het verschil beter herkent met de wereld om je heen, zoals de energie van anderen en hun verwachtingen en normen en waarden. Dit kun je leren. Je kunt leren hoe je bij jezelf blijft in het contact met anderen en de wereld om je heen. En dat je je niet laat afleiden of laat leiden door de prikkels om je heen. Dat je rustiger wordt in jezelf. Sensitiviteit is de basis van heelheid, healingSensitiviteit is niet alleen een last, het is ook een kracht. De healer (of helper) in jou kan in de dagelijkse praktijk overlopen en leeglopen, omdat je er voor iedereen wilt zijn, het goed wilt doen en zorgen dat er vrede is en harmonie. Kom je in je kracht en leer je om bij jezelf te blijven en in je eigen authentieke energie, dan ben je er ook vanzelf voor de ander, zonder dat je jezelf weggeeft. Er ontstaat heelheid. Je bent er, in je aanwezigheid, vanuit \u2018ik ben, jij ook!&#8217;. Jouw sensitieve kwaliteit komt dan tot bloei. Je komt tot je recht, de ander voelt zich gezien en is in zijn of haar nieuwe balans gekomen. Cursus hoog sensitiviteit De cursus bestaat uit twaalf \u00e9\u00e9n-op-\u00e9\u00e9n lessen van 2,5 uur in Huizen, Het Gooi. Tijdens de lessen leer je door ervaringsgericht oefeningen omgaan met jouw sensitiviteit. \u00a0Je ontdekt hoe energie werkt, hoe je je aandacht kunt beheren en hoe je vitaal en in je kracht blijft. In ontdek je wat de kwaliteiten zijn van jouw sensitiviteit en hoe je deze wilt inzetten in jouw leven. Je leert hoe je gevoel een kracht is en je gaat oefenen met het volgen van je gevoel. Met verschillende ervaringsgerichte oefeningen \u2018by-passen\u2019 we je hoofd en kom je in verbinding met jezelf. Dat cre\u00ebert rust. De individuele lessen duren 2,5 uur, de kosten zijn \u20ac 80,- per les. Je hebt voor de lessen geen vooropleiding nodig. De lessen sluiten aan bij jouw niveau en doordat de lessen \u00e9\u00e9n-op-\u00e9\u00e9n zijn gaan we dieper in op thema\u2019s die meer aandacht nodig hebben, het is dus maatwerk. Wil je in een groep les hebben, dan kun je kijken naar de korte cursussen bij de volksuniversiteit. Wil je de blog lezen over sensitiviteit, klik dan hier.<\/p>\n","protected":false},"author":1,"featured_media":0,"parent":0,"menu_order":0,"comment_status":"closed","ping_status":"closed","template":"","meta":{"footnotes":""},"class_list":["post-5009","page","type-page","status-publish","hentry"],"translation":{"provider":"WPGlobus","version":"3.0.2","language":"en","enabled_languages":["en"],"languages":{"en":{"title":true,"content":true,"excerpt":false}}},"acf":[],"_links":{"self":[{"href":"https:\/\/www.s-sent.nl\/new\/wp-json\/wp\/v2\/pages\/5009","targetHints":{"allow":["GET"]}}],"collection":[{"href":"https:\/\/www.s-sent.nl\/new\/wp-json\/wp\/v2\/pages"}],"about":[{"href":"https:\/\/www.s-sent.nl\/new\/wp-json\/wp\/v2\/types\/page"}],"author":[{"embeddable":true,"href":"https:\/\/www.s-sent.nl\/new\/wp-json\/wp\/v2\/users\/1"}],"replies":[{"embeddable":true,"href":"https:\/\/www.s-sent.nl\/new\/wp-json\/wp\/v2\/comments?post=5009"}],"version-history":[{"count":14,"href":"https:\/\/www.s-sent.nl\/new\/wp-json\/wp\/v2\/pages\/5009\/revisions"}],"predecessor-version":[{"id":6130,"href":"https:\/\/www.s-sent.nl\/new\/wp-json\/wp\/v2\/pages\/5009\/revisions\/6130"}],"wp:attachment":[{"href":"https:\/\/www.s-sent.nl\/new\/wp-json\/wp\/v2\/media?parent=5009"}],"curies":[{"name":"wp","href":"https:\/\/api.w.org\/{rel}","templated":true}]}}